7d8d + -9d?
-7e2a
In base 15, what is -34a0 + 5a75?
25c5
In base 5, what is -4024 - 20134?
-24213
In base 9, what is 4804260 + 5?
4804265
In base 4, what is -133222 + 211100212?
210300330
In base 2, what is -100 + 1000100011110001111010001?
1000100011110001111001101
In base 4, what is 110123200 - -303?
110130103
In base 11, what is 849 + -184a84?
-184236
In base 14, what is 187d + 3804?
5283
In base 3, what is -111202012120 + 10222200?
-111121012220
In base 13, what is 356761 + 1?
356762
In base 5, what is 2 - 104210310431?
-104210310424
In base 12, what is 36935 - -384?
370b9
In base 2, what is -10000111111000101101 + 1101?
-10000111111000100000
In base 8, what is -3462 + 1416?
-2044
In base 6, what is -1241422105 - -212?
-1241421453
In base 2, what is -1010011 - 10101010001111100110?
-10101010010000111001
In base 2, what is 1111000101010101000101 - -1001001?
1111000101010110001110
In base 14, what is 25d + 3aad2?
3ad51
In base 13, what is -1a7a479b - -2?
-1a7a4799
In base 2, what is -11100101000011001000 - -1?
-11100101000011000111
In base 4, what is -1102212330333 - -11?
-1102212330322
In base 6, what is -350235334 - 2?
-350235340
In base 15, what is -33b04 + 1b?
-33ad8
In base 11, what is 5 - 1a06989?
-1a06984
In base 10, what is -98776632 - 0?
-98776632
In base 14, what is -6 - 113ad?
-113b5
In base 11, what is 5a95 - 8727?
-2742
In base 9, what is 4556401 + 4?
4556405
In base 15, what is 198 + 3d18d?
3d336
In base 13, what is 2c2411 + 2a?
2c243b
In base 6, what is -204521113 + -2?
-204521115
In base 14, what is -2 + 3520c89?
3520c87
In base 15, what is -284ed + -21?
-2851e
In base 10, what is 89 + -21495?
-21406
In base 7, what is 30 - -141352421?
141352451
In base 8, what is -2320017 - 17?
-2320036
In base 2, what is -1000011101101 + -110010000101?
-1110101110010
In base 11, what is 337140 - -307?
337447
In base 6, what is 2253 - 31102?
-24405
In base 2, what is 101 - 10101001010000001110001001?
-10101001010000001110000100
In base 2, what is -100010100010 + -111011000?
-101001111010
In base 10, what is 42261207 - 3?
42261204
In base 5, what is -4123 - 110243400?
-110303023
In base 10, what is -69 + -296071?
-296140
In base 4, what is -120 - 23032312?
-23033032
In base 10, what is 138986 + 170?
139156
In base 3, what is 11 + 1111211010100220?
1111211010101001
In base 12, what is -10 - -392a0271?
392a0261
In base 4, what is 11 - 30131002002?
-30131001331
In base 9, what is -2130343455 + 4?
-2130343451
In base 15, what is 27a + -8c7?
-64c
In base 6, what is -4512040 - 0?
-4512040
In base 2, what is -100011 - 1111001100110010110?
-1111001100110111001
In base 8, what is -342541207 + -5?
-342541214
In base 15, what is -5 - 23924010?
-23924015
In base 4, what is -211 - 32122012130?
-32122013001
In base 4, what is 13222010 + -1321200?
11300210
In base 8, what is 277501756 + -4?
277501752
In base 7, what is -63 + -12434631?
-12435024
In base 2, what is -100110110 + -1010001110011000?
-1010010011001110
In base 8, what is 1 + -13035071?
-13035070
In base 5, what is -10042113 + -200?
-10042313
In base 12, what is 117393 - 60?
117333
In base 9, what is -18 + -3557334?
-3557353
In base 15, what is 1 - -39ea79?
39ea7a
In base 16, what is -2 - -7aa820?
7aa81e
In base 8, what is 17 + 344310744?
344310763
In base 5, what is -32444421121 - -10?
-32444421111
In base 2, what is 11100011110 - -11011000011?
110111100001
In base 3, what is 1 - 10211222201222?
-10211222201221
In base 15, what is -5b1 + 6485?
5dc4
In base 13, what is 5 + 759479?
759481
In base 4, what is -132312 - 22023103?
-22222021
In base 8, what is -15610 - -1142?
-14446
In base 8, what is 126174626 + 3?
126174631
In base 14, what is -3499 + -2ac?
-3767
In base 14, what is 10bb225 - -4?
10bb229
In base 4, what is -1330 + 10133231230?
10133223300
In base 6, what is 1015041502 - -11?
1015041513
In base 13, what is -13b2c - -b9?
-13a43
In base 3, what is 1 - 11100011020200?
-11100011020122
In base 11, what is -2 + 6886a44?
6886a42
In base 15, what is 3a6496a + 4?
3a6496e
In base 10, what is -135 + -84272?
-84407
In base 10, what is 0 + 6342269?
6342269
In base 11, what is -27181769 - -21?
-27181748
In base 16, what is -8c - 1852c6?
-185352
In base 9, what is 44063577 + -5?
44063572
In base 13, what is 133a6 + -74?
13332
In base 6, what is -42034 + -423514?
-505552
In base 6, what is -13034442 + -3211?
-13042053
In base 14, what is -2844c62 + -2?
-2844c64
In base 8, what is 6752 - -161135?
170107
In base 8, what is -370 + -2552421?
-2553011
In base 13, what is 69160 - 5a?
69103
In base 10, what is 0 - 16668?
-16668
In base 3, what is 122011 + -121100?
211
In base 16, what is d4e0e + 3f?
d4e4d
In base 9, what is 524 - 34533?
-34008
In base 16, what is -1f457 + -61?
-1f4b8
In base 7, what is -3 - 145503004?
-145503010
In base 13, what is -1 - 21b7424?
-21b7425
In base 11, what is -17665025 - 2?
-17665027
In base 15, what is -e9205d - 38?
-e92096
In base 8, what is -1464264 + -34?
-1464320
In base 11, what is -1175678 + -18?
-1175695
In base 16, what is 4fb7 + -652?
4965
In base 8, what is -4 + -4767255?
-4767261
In base 8, what is -501 + 235?
-244
In base 2, what is -110111111100110110110000 + -11?
-110111111100110110110011
In base 5, what is 3023411 + 140210?
3214121
In base 4, what is 10033313100 - 1131?
10033311303
In base 9, what is 57 + 58521?
58578
In base 6, what is -33 - 1250522?
-1250555
In base 2, what is -110001101010001010101110011 - 0?
-110001101010001010101110011
In base 16, what is -241d - e7d?
-329a
In base 2, what is 11 + -110010010100000011010010?
-110010010100000011001111
In base 7, what is -161 - 46214?
-46405
In base 8, what is 3 - 150757?
-150754
In base 15, what is 3d + -12ab8?
-12a7a
In base 16, what is -94 - -2c3178?
2c30e4
In base 11, what is -2 - 211aa39?
-211aa40
In base 10, what is -2114 - -8300?
6186
In base 10, what is 7 + -990979?
-990972
In base 16, what is 330 - bcbc?
-b98c
In base 11, what is 1377a26 + -16?
1377a10
In base 10, what is 8 + -152976909?
-152976901
In base 11, what is a216687 + 4?
a216690
In base 9, what is 17716842 - 4?
17716837
In base 12, what is -4684489 - -5a?
-468442b
In base 13, what is -125 + -2739?
-2861
In base 14, what is -20 - 1c53510?
-1c53530
In base 6, what is 101422 - 14545?
42433
In base 7, what is -62326 - 41?
-62400
In base 4, what is 0 + 100133220010?
100133220010
In base 15, what is 48845 - 7a6?
4808e
In base 7, what is 51 - 126011260?
-126011206
In base 5, what is -142204 + 2340143?
2142434
In base 9, what is 5371614 + 75?
5371700
In base 5, what is 1001132213 - -1140?
1001133403
In base 10, what is -55 + 58074?
58019
In base 2, what is -110010 + 10000111000011111010?
10000111000011001000
In base 16, what is f80 - -862e?
95ae
In base 16, what is -625fad3 + 3?
-625fad0
In base 12, what is -1a961196 - -5?
-1a961191
In base 11, what is 44 - 7698699?
-7698655
In base 11, what is -14625 - 148?
-14772
In base 2, what is 1 - -10101110111000100101110?
10101110111000100101111
In base 15, what is 20c114 - -6?
20c11a
In base 8, what is -5740147 - 3?
-5740152
In base 12, what is 2bb3 - 9b2?
2201
In base 2, what is -100110110 + 11001100101101111?
11001100000111001
In base 6, what is -11240 + 24351?
13111
In base 10, what is -22042551 - 6?
-22042557
In base 3, what is -1 - -102202010001212?
102202010001211
In base 12, what is -47 - 27310?
-27357
In base 9, what is -37565302 + 5?
-37565286
In base 7, what is -246641 + 1?
-246640
In base 15, what is 36b3c4a + -3?
36b3c47
In base 8, what is 703067 + -23?
703044
In base 16, what is 1bef - -c7?
1cb6
In base 16, what is 428 - 5ce5?
-58bd
In base 13, what is -6 - 2b9416?
-2b941c
In base 13, what is -63 + 3132a45?
31329b2
In base 14, what is 4 - -ccb04?
ccb08
In base 8, what is -4535307 - 22?
-4535331
In base 16, what is 1c0 + -79bb6?
-799f6
In base 7, what is 3 + -141252140?
-141252134
In base 14, what is a085 - 5968?
451b
In base 14, what is 92a + -8989?
-805d
In base 5, what is -100443133 - 31?
-100443214
In base 8, what is 1 + -71702317?
-71702316
In base 11, what is 193820 + -132?
193699
In base 5, what is -3033302424 - 104?
-3033303033
In base 8, what is -1 + 1343730?
1343727
In base 16, what is -4475b3a - -5?
-4475b35
In base 5, what is -3133121 + -441?
-3134112
In base 13, what is 368 + 